-1) + -5.
-3
What is (-8 - -5 - (-3 - 0)) + -2?
-2
-4 + (1 - -2 - 0) + -3
-4
Evaluate 2 + 4 + 2 - (13 + -9).
4
What is -1 - 1 - 2 - -1?
-3
What is the value of 0 + 5 + -3 - 0?
2
What is the value of -3 - (0 - 0) - -1?
-2
What is the value of 13 + -9 + -3 - -7?
8
Evaluate -7 - (5 - 5) - (-4 - 3).
0
Calculate -5 - (-4 + 5) - -5.
-1
What is the value of 0 + 1 + -1 + 1 + 2?
3
(6 - 2 - 3) + -2
-1
(2 - -5) + -6 + 13 + -5
9
Calculate -3 + (-1 - -2) + 7.
5
7 - ((-1 - 2) + 4 - -1)
5
Evaluate 6 - (12 + -10 + 4).
0
What is the value of -4 + (0 - 5) + 2 + 13?
6
Evaluate 4 - (9 - (3 + -2)).
-4
Evaluate -5 + (-6 - -2 - -8).
-1
What is (7 - 4 - -1) + -4?
0
What is the value of 14 - (18 + -3 + -3)?
2
What is the value of -11 + (-1 - -1 - (-2 - 3))?
-6
Calculate -12 + 15 - 7 - 2.
-6
Calculate 3 + 0 + -2 + (8 - 4).
5
Calculate 3 + -3 + 1 + 0.
1
What is 9 - (12 - (17 - 10))?
4
What is -15 + (1 - (10 - 20))?
-4
Evaluate 3 + -3 + -1 + 17 + -19.
-3
-3 - -1 - (-15 + 7 - -5)
1
Evaluate -6 + 11 + -11 - -7.
1
What is 5 + 0 - (-3 - 4 - -16)?
-4
What is -1 + -4 + (-4 - -12) + -2?
1
What is (1 - 2) + (-5 - -17 - 15)?
-4
What is -7 + -1 + 0 - 0?
-8
What is -1 + (4 - 2) - 4?
-3
Calculate 0 + 0 + -2 + -3 + -1.
-6
-3 + (-2 + -1 + -1 - -3)
-4
Evaluate 2 + 2 + -1 + 1 - 2.
2
Calculate 18 - 19 - (2 - (2 + 1)).
0
Calculate (-1 - (0 + -1)) + 4 + -7.
-3
Evaluate 2 + -1 + 0 + -5.
-4
Calculate 0 - 0 - (-1 - 0 - -3).
-2
Calculate -10 - (3 - (10 + -6 + 1)).
-8
Calculate -8 - -11 - -6 - 5.
4
What is 4 + -6 - (-3 - 1)?
2
2 - (5 - 0) - -1 - -2
0
(-18 - 0) + -32 + 44
-6
Evaluate 3 - (-2 + -1) - (1 + 2).
3
What is 10 + (3 - 4 - 6)?
3
What is 0 + -2 + (-20 - -18)?
-4
Evaluate -4 + (-24 + 31 - (-1 - 0)).
4
9 - 9 - (1 + -1)
0
What is (-13 - (2 + -22)) + 3?
10
Evaluate -7 - (-16 + 1 + 9).
-1
Calculate -5 - ((-1 - (4 + 2)) + -5).
7
What is -5 - (-1 - 6 - -2)?
0
Evaluate 6 - 4 - 8 - -11.
5
Calculate -4 + (9 - 3 - 4).
-2
Evaluate 3 - (-4 + 10 - 6).
3
What is 3 + -10 + 6 - (2 - 8)?
5
-2 + -10 - (7 - 15)
-4
What is the value of 3 + (2 - -1) + -16 + 9?
-1
Evaluate 2 - (4 + (5 - 6)).
-1
What is 3 - (-5 - -6) - (11 - 3)?
-6
Evaluate -8 - (-17 + 1 - -10).
-2
What is the value of (5 - (-4 - -13)) + 1?
-3
0 + (-4 - 0) - (1 + -1)
-4
-2 + (-6 - -8 - -7)
7
Calculate (9 - 11) + -1 + 1.
-2
What is -2 + 0 + 0 + (-6 - -5)?
-3
5 - (2 + -14 - -26)
-9
Evaluate (0 - (-1 + 1)) + 4 + 0.
4
Evaluate -38 + 26 - (0 + (-4 - 1)).
-7
What is 2 - 4 - -3 - 2 - -2?
1
0 + 2 + -1 + 21 + -16
6
What is (-3 - (3 + -4 + 2)) + 2?
-2
What is 5 + -2 - (-2 - -7 - 4)?
2
What is the value of -2 + 6 + -3 - 6 - 0?
-5
Calculate 1 - (2 + (-1 - -3)).
-3
What is (-2 - 4) + -1 + 1 - -4?
-2
What is the value of -3 + (8 - 5) + -5?
-5
Calculate 5 + 11 + -8 + -3 + 0.
5
Evaluate -36 - -27 - (-15 - -3).
3
Evaluate -3 + (2 + -3 - -5) - 4.
-3
What is the value of 3 + -7 + 5 - -4?
5
Evaluate -4 - -2 - (-2 + -4).
4
Calculate 7 + 1 + 1 + -16.
-7
Evaluate 0 - -1 - (-6 - 4 - -11).
0
Evaluate 0 + -4 + (10 - 6) + 1.
1
What is 2 + (2 - 0) - 0?
4
Evaluate (-1 - 7) + 7 - -2.
1
-1 + -8 + 4 + 5 + -4
-4
What is the value of (-11 - -8) + 5 + -8?
-6
0 + 12 + -6 + -13
-7
Calculate 4 + -1 - (-3 + -5 + 13).
-2
What is the value of 2 - (-2 + 1 + 5)?
-2
Evaluate -3 + 2 - (0 + -5).
4
7 - (-3 - (5 + -7 + -4))
4
Evaluate 7 - 0 - 6 - -6.
7
Evaluate 4 - (-1 + 2 - -1).
2
Calculate -2 - (2 + 4) - -4.
-4
(-12 - (-8 + -8)) + 3
7
What is 7 - (-1 - (-5 + -3))?
0
1 - (6 + 6 + -10)
-1
5 - (-1 - 2 - -6)
2
Calculate (2 - -1) + -6 - (-2 - -1).
-2
Evaluate 0 - ((-3 - 0) + 5) - -1.
-1
-8 + 13 + -10 + -2
-7
Calculate -6 - (-3 + -1 - (10 + -6)).
2
What is the value of 6 - (19 - 12) - (0 + -4)?
3
-6 + 3 + 0 + (-6 - -1)
-8
What is the value of -2 + (-13 - -11 - (-7 + 1))?
2
Calculate -9 + (0 - (0 - 8)).
-1
Evaluate (4 - 7) + -6 - -4.
-5
Evaluate 1 + 3 + -1 + -1.
2
(-11 + -1 - -4) + 4
-4
What is the value of -2 + 1 + (2 - -10) + -3?
8
Calculate 1 - 7 - (-34 - -28).
0
What is the value of 6 - ((-10 - -5) + 6)?
5
Calculate (1 - -10) + (15 - 21).
5
(1 - -8) + 2 + (-44 - -40)
7
What is the value of 4 + (4 - (-2 - -6))?
4
Evaluate (-13 + 5 - -8) + -6 + 2.
-4
Evaluate 1 - (-1 + (-1 - (-1 - 0))).
2
10 + (-3 - -5) - 7
5
What is the value of -5 - (5 + -11) - (5 - -1)?
-5
-6 - (0 + -2 + 0)
-4
Calculate 3 - (1 - 3 - (-12 - -12)).
5
Calculate -4 + 6 + -2 + -1.
-1
What is the value of (0 - -3) + (1 - (0 + 6))?
-2
Evaluate -3 + 10 - (2 - (-1 - 2)).
2
Calculate 16 + (-5 - -8) - 9.
10
What is (1 - (-2 + (-3 - -2))) + -2?
2
What is the value of 4 + -4 + (-5 - -3)?
-2
Evaluate 34 - 16 - 11 - (2 + 1).
4
What is the value of 10 + (2 - 3) + -4 + -11?
-6
Calculate 1 + (-9 + 9 - 5).
-4
What is -4 - (-2 - (4 + -6) - 4)?
0
Evaluate 0 + -3 + (0 + -5 - -5).
-3
Evaluate (4 - (4 - 2)) + -2 + 3.
3
(1 - -1 - (8 + -6)) + -4
-4
-3 - -2 - (21 + -14) - -9
1
Evaluate (10 - (0 + -2)) + 0 + -7.
5
(3 - 6) + 0 + -21 + 27
3
Calculate 13 - (-2 + 5) - 5.
5
What is 1 + -7 + 3 - -1?
-2
What is -1 + 7 + -3 - (8 - 1)?
-4
What is 4 + 0 - 6 - (3 + -1)?
-4
Evaluate 5 + -8 - -5 - (4 - 3).
1
-2 + 2 - (3 + 0 + -2)
-1
What is the value of (1 - 0 - 4) + -1?
-4
(-2 + 4 - 0) + -2
0
What is the value of -10 + 5 + -6 - -11?
0
What is the value of (-2 - -3) + -68 + 68?
1
What is the value of 5 + -4 - (-2 - -7)?
-4
What is the value of (3 + -2 - 1 - 9) + 4?
-5
What is -10 + 5 + 0 - -4?
-1
Evaluate 3 + 1 - (21 + -21) - 0.
4
Evaluate -3 - -20 - 9 - 16.
-8
What is the value of 4 + (4 - (0 + 6 - 6))?
8
1 - (-1 + 0 - 1) - 5
-2
Calculate (-9 - -4) + 1 - 0.
-4
Calculate -1 - 0 - 0 - (-31 - -31).
-1
Calculate 1 + 6 - (1 - -6).
0
What is the value of 0 + 0 + (3 - 7 - -1)?
-3
Evaluate 1 - ((-8 - -5) + 11).
-7
10 + -17 - (-1 + -3 + 5)
-8
Calculate -2 + -10 + 86 + -83.
-9
What is the value of -6 + (-5 + -2 + 4 - -7)?
-2
(1 + 12 - (14 - 8)) + -14
-7
Calculate 2 + (8 + -7 - 6).
-3
What is the value of -2 + (11 - (3 - (4 - 6)))?
4
What is the value of -1 - 2 - (4 - (5 - 2))?
-4
Evaluate -2 - 1 - (4 - (-3 + 6)).
-4
Calculate (2 - (-1 - -5)) + (1 - 4).
-5
What is the value of -3 - 2 - (-23 + 15)?
3
Evaluate 4 + 0 + -1 + -1 - -3.
5
What is -1 + (5 + -1 - 0 - 6)?
-3
(-6 - (-2 + -3)) + -4
-5
13 + 0 + (-7 - -1)
7
5 - ((-2 - -4) + -2)
5
Calculate 0 - -7 - (-1 + 1) - 9.
-2
Calculate -92 + 97 + -1 + 2.
6
(0 - -9) + (-3 - 3)
3
Calculate 7 + -20 + (19 - 9).
-3
Evaluate -1 - -5 - (-3 + 3 + 5).
-1
Evaluate -13 + 12 - (9 + -7).
-3
What is 2 - (-5 - -4) - 0?
3
What is the value of -1 - 8 - (-2 - (7 - 5))?
-5
Calculate 3 - 2 - 7 - -6.
0
Calculate (-4 + (8 - 5) - -5) + -5.
-1
What is 2 + (0 - 6) + (2 - 0)?
-2
What is the value of 20 + 1 + -9 + -5?
7
What is the value of (-9 + 3 - -1) + -1?
-6
Calculate (-8 - 0 - -2) + -70 + 75.
-1
What is the value of 1 + -1 + 2 + -6?
-4
(-5 - (-6 - -3)) + 5
3
Evaluate (5 - (1 - 3)) + -7.
0
Calculate -1 + (-1 - -4 - -1).
3
0 - (2 + (3 - -1)) - -16
10
Evaluate 2 + 1 + -20 + 17.
0
2 - 3 - (4 + -7)
2
What is the value of 0 + -3 + (16 - 6)?
7
What is the value of 0 + -2 - (4 + -3)?
-3
0 + (-3 - 0) - -3 - 0
0
What is (2 - (4 - 2) - -7) + 2?
9
What is the value of (-4 - -22) + (-16 - -5)?
7
What is the value of 9 + -11 + (15 - 4)?
9
0 + -11 + (-15 - -17) - -5
-4
-6 - -11 - (-2 - -11) - -8
4
Calculate (-25 - -34) + -2 + -2.
5
7 - -5 - 7 - (4 + 1)
0
What is the value of -42 - -41 - (1 - 1)?
-1
What is 4 + -3 - (0 - -2 - -1)?
-2
-4 + 9 - (5 + -1) - 1
0
What is the value of (-1 - -6 - (2 + 5)) + 6?
4
What is the value of -7 - -1 - (-4 - 8 - -7)?
-1
What is the value of -6 + 0 + 10 + -2 - -9?
11
(-19 - -18) + (-2 - (-1 - 0))
-2
What is 7 + 1 - (5 - 3)?
6
Evaluate -6 - (1 - 6) - -3.
2
Calculate -6 + (-4 - (-2 - 12)).
4
-1 - -16 - (-6 - -15)
6
What is the value of (-2 - (-2 - 2)) + 0?
2
What is 2 - (-8 + 12 - (-1 + 0))?
-3
14 - (-6 + (0 - 0) + 11)
9
What is the value of -59 + 62 + (3 + -3 - 3)?
0
0 + 0 + 0 + 47 + -45
2
3 + -5 + 6 + 1
5
Evaluate 11 - (-3 + (1 - (-6 - 4))).
3
(95 - 90) + 0 + -4
1
What is the value of -8 - (0 + -9) - (-4 - 1)?
6
-6 + (3 - -5) + -7 - 1
-6
What is the value of -9 + 8 + -4 + 0?
-5
What is -4 + 8 + -13 + 4?
-5
What is 7 + -11 - -9 - -1?
6
Evaluate -4 - 1 - (0 - 6).
1
What is -11 - -14 - ((-1 - 0) + 1)?
3
What is the value of (-2 - -2 - 2) + -1?
-3
Calculate (0 - (-7 + 5)) + 3 - 1.
4
What is the value of -48 - -53 - (4 - 1)?
2
What is 3 